alculate the greatest common divisor of 17169 and 160185.
177
What is the highest common factor of 263166 and 179722?
46
Calculate the greatest common divisor of 528 and 11013354.
66
Calculate the greatest common factor of 8065389 and 15621.
381
Calculate the highest common divisor of 43568304 and 624.
624
What is the greatest common divisor of 11 and 149895240?
11
What is the highest common factor of 38 and 35779736?
38
What is the greatest common divisor of 689689 and 154?
77
What is the highest common factor of 57319344 and 216?
72
What is the highest common factor of 26917048 and 806846?
8318
Calculate the highest common factor of 1679043417 and 177.
177
What is the highest common factor of 802 and 28217969?
401
Calculate the greatest common divisor of 2394 and 17887322.
38
Calculate the highest common factor of 14748 and 39348.
12
Calculate the highest common factor of 553664 and 139194590.
17302
Calculate the highest common factor of 83349 and 1574883.
243
Calculate the greatest common divisor of 700 and 776012860.
140
What is the greatest common factor of 12 and 456315564?
12
Calculate the highest common factor of 448 and 4899566.
14
What is the greatest common divisor of 23 and 72638669?
23
Calculate the highest common factor of 827200 and 600.
200
What is the highest common divisor of 1662 and 7478169?
831
What is the greatest common factor of 15614247 and 11?
11
Calculate the highest common factor of 81 and 315833.
1
What is the greatest common divisor of 40100682 and 774?
258
What is the highest common factor of 5245 and 72194278?
1049
Calculate the highest common divisor of 11960 and 1315160.
40
What is the greatest common factor of 3001792 and 2170?
62
Calculate the greatest common factor of 31671 and 269031.
69
What is the greatest common divisor of 60 and 711276?
12
Calculate the greatest common divisor of 99 and 15445944.
9
Calculate the highest common factor of 98525 and 2010473.
563
What is the highest common factor of 64621794 and 1581?
1581
Calculate the highest common factor of 4160826 and 31136.
278
Calculate the highest common factor of 40980 and 3741960.
60
What is the greatest common factor of 1410 and 9574830?
30
What is the highest common divisor of 8509 and 353559?
67
What is the highest common divisor of 9231936 and 10304?
448
What is the highest common factor of 4054347 and 183084?
2409
What is the highest common factor of 1634337 and 1782?
81
Calculate the highest common factor of 74960 and 22642605.
4685
Calculate the greatest common divisor of 11280 and 12889656.
1128
Calculate the highest common divisor of 54219948 and 5106.
222
Calculate the highest common factor of 9735 and 54553170.
885
Calculate the highest common factor of 43159804 and 68.
68
What is the greatest common divisor of 5897522 and 2985702?
4346
Calculate the highest common factor of 315678 and 34.
2
Calculate the greatest common divisor of 6288 and 376056.
24
Calculate the highest common divisor of 54608360 and 568.
8
Calculate the highest common divisor of 887168 and 832.
64
What is the highest common factor of 371 and 215663?
7
What is the greatest common factor of 33833284 and 488?
244
Calculate the highest common divisor of 35499936 and 144.
48
What is the greatest common factor of 1146681542 and 463?
463
Calculate the greatest common factor of 21568 and 7936.
64
What is the highest common factor of 278560 and 41320?
40
What is the highest common divisor of 34 and 81408291?
17
What is the greatest common divisor of 112359 and 1755?
39
What is the greatest common divisor of 16 and 8112920?
8
What is the greatest common divisor of 3891419 and 14416?
901
Calculate the greatest common factor of 8298 and 111826614.
2766
What is the greatest common divisor of 156 and 46238660?
52
What is the greatest common divisor of 557590 and 178100?
1370
What is the greatest common divisor of 35615 and 7965190?
2095
What is the highest common factor of 3844930 and 4710?
1570
What is the highest common divisor of 50337 and 2110958?
799
What is the highest common factor of 68 and 50667956?
68
What is the greatest common factor of 91424 and 551846692?
11428
Calculate the highest common divisor of 6864240 and 560.
80
What is the greatest common divisor of 233998507 and 73?
73
What is the greatest common divisor of 10 and 355825715?
5
What is the highest common factor of 145280 and 22967860?
4540
What is the highest common factor of 336528 and 16986?
114
What is the greatest common divisor of 6901698 and 3546?
1182
Calculate the greatest common divisor of 24766308 and 7308.
252
What is the highest common divisor of 612 and 64530045?
153
Calculate the highest common factor of 8916162 and 1016.
254
Calculate the greatest common divisor of 122892 and 400653.
627
What is the highest common divisor of 2580 and 14366076?
12
Calculate the greatest common factor of 2274368 and 672.
32
Calculate the highest common divisor of 18584048 and 34748.
2044
What is the highest common divisor of 792 and 252208?
88
Calculate the greatest common factor of 1334 and 10574618.
1334
Calculate the highest common divisor of 911136 and 222.
6
What is the greatest common divisor of 48 and 42978504?
24
What is the highest common factor of 715839 and 1628?
37
Calculate the highest common factor of 55116 and 9621.
9
What is the greatest common factor of 39335855 and 65?
65
What is the greatest common factor of 4917836 and 7777?
77
Calculate the highest common factor of 616519501 and 82.
41
What is the greatest common divisor of 196197126 and 1284?
642
Calculate the greatest common divisor of 14643132 and 6909.
987
Calculate the highest common factor of 2222542021 and 478.
239
Calculate the greatest common divisor of 30962592 and 288.
288
What is the highest common factor of 811854 and 3996?
666
What is the greatest common divisor of 119310 and 736401?
123
What is the greatest common divisor of 971 and 31890553?
971
What is the highest common factor of 15554266 and 520?
26
What is the greatest common divisor of 590 and 1376990?
10
Calculate the highest common divisor of 218492788 and 75124.
10732
Calculate the greatest common divisor of 70064 and 233972.
116
What is the greatest common divisor of 29897376 and 48?
48
What is the greatest common divisor of 126468 and 6696?
108
Calculate the greatest common divisor of 311162560 and 68.
68
What is the highest common factor of 5775116 and 16376?
92
Calculate the greatest common factor of 1006185 and 735.
15
What is the greatest common factor of 6158 and 89392607?
3079
Calculate the highest common divisor of 6338 and 898674527.
3169
What is the highest common factor of 23178798 and 353646?
5994
Calculate the greatest common factor of 3774091 and 287.
41
Calculate the highest common factor of 160890 and 1900578.
1038
Calculate the highest common divisor of 7946 and 63979.
137
Calculate the greatest common divisor of 49153412 and 693.
77
Calculate the greatest common divisor of 52765 and 105184.
173
Calculate the greatest common divisor of 4144242 and 228.
114
Calculate the highest common factor of 79575 and 1747467.
3183
Calculate the highest common divisor of 887 and 188466212.
887
Calculate the highest common divisor of 11000 and 86408960.
440
Calculate the highest common divisor of 53650 and 1305.
145
What is the greatest common factor of 4599 and 7451256?
219
What is the greatest common factor of 9759 and 67041077?
3253
Calculate the greatest common factor of 926457 and 2826.
471
What is the greatest common factor of 13164280 and 391?
23
What is the greatest common divisor of 135923720 and 37544?
2888
What is the highest common divisor of 218006851 and 421?
421
Calculate the highest common divisor of 326 and 216366.
2
Calculate the highest common factor of 1886 and 656466.
46
Calculate the greatest common factor of 71818 and 1444853.
149
What is the greatest common factor of 564 and 54840?
12
What is the greatest common divisor of 6501566 and 1288118?
7622
Calculate the highest common divisor of 11094215 and 7095.
2365
Calculate the greatest common factor of 3935 and 14615.
5
What is the highest common divisor of 291984 and 469920?
528
Calculate the highest common divisor of 266 and 1239910.
14
Calculate the greatest common factor of 12419 an